. Calculate the highest common divisor of j and w.
8
Suppose 0 = -4*d + 4*u - 412, -2*d - 98 = -d - 2*u. Let v = d + 163. Calculate the highest common factor of v and 11.
11
Let d = -16 + 26. What is the highest common factor of 50 and d?
10
Suppose -2*x + 23 = -5. Let p(t) = -1. Let h(a) = -8*a - 4. Let o(i) = 2*h(i) - 10*p(i). Let c be o(-6). Calculate the highest common factor of c and x.
14
Suppose 0 = s + 17 - 0. Let x = -5 - s. Suppose -3*c = -2*c - x. What is the greatest common divisor of c and 30?
6
Let b(d) = 17*d**2. Let u be b(1). Suppose -3*f - 108 = 2*f + 3*y, -4*y = -f - u. Let m = f + 57. Calculate the greatest common divisor of 4 and m.
4
Let b = -19 + 31. Suppose 3*n + 169 = 2*c, 2*c - 5*n - 33 - 126 = 0. Let j be (c - (-4)/2) + 2. Calculate the greatest common divisor of b and j.
12
Suppose 5*w - f + 2*f - 55 = 0, 2*f - 22 = -2*w. Let m be -3 + w + -4 + 73. Calculate the highest common factor of m and 7.
7
Let u = -77 + 83. What is the highest common factor of u and 30?
6
Suppose 4*r = r - 9. Let c = 5 + r. Let d = -2 + 18. Calculate the greatest common factor of c and d.
2
Let p = 36 - 18. What is the highest common divisor of 18 and p?
18
Suppose 2*y - 49 = -0*y - f, 3*y - 77 = -5*f. What is the highest common divisor of y and 264?
24
Let k(v) be the second derivative of -v**5/20 - v**4/2 + v**3 - 5*v**2 + v. Let n be k(-8). Let j = 18 - 4. Calculate the greatest common factor of j and n.
14
Suppose 5*s + 4 - 29 = 0. Suppose s*i - 29 = -b, 0*b + b + 11 = 3*i. Let j be (-2)/i*-1*60. What is the greatest common factor of j and 36?
12
Let h = 61 - 43. What is the greatest common factor of h and 9?
9
Let y be 3/2 - (-3)/(-6). Let r be (-285)/y*(-4)/12. Calculate the greatest common divisor of r and 19.
19
Let u = -11 - -11. Suppose 0 = -5*g - u*g + 55. Let d(l) = -45*l - 2. Let b be d(-2). What is the highest common divisor of g and b?
11
Let f = 262 - 184. Let n = f + -50. Suppose -2*b = -0*j + j - 1, -5*j + 38 = -b. What is the highest common divisor of j and n?
7
Let b = 2 + -3. Let y be b/(-4) - 22/(-8). Suppose y*r + 5 = 2*r, k + 13 = -4*r. What is the highest common divisor of 14 and k?
7
Let r = 29 - -23. Let n(s) = s**3 - 13*s**2 + 2*s - 13. Let t be n(13). What is the highest common factor of r and t?
13
Let i = 5 + -2. Suppose -i*a - 12 = -78. What is the greatest common factor of a and 2?
2
Let g = -26 + 18. Let a = 3 - g. Suppose 13 + a = 3*x. Calculate the greatest common factor of 4 and x.
4
Let g(m) = -m**2 - 16*m - 9. Let k be g(-9). Calculate the greatest common factor of 594 and k.
54
Suppose m - 18 = 24. Suppose 4*d = -14 + m. Calculate the greatest common factor of 7 and d.
7
Suppose -87 = -5*s + 138. What is the greatest common factor of 15 and s?
15
Suppose u - 4*r = 210, -122 = -3*u - 5*r + 457. Let q be 2/(-4)*-18*2. Calculate the greatest common divisor of q and u.
18
Suppose 18*r - 485 = 379. What is the highest common factor of r and 18?
6
Suppose x = -0*x + 20. Suppose -5 + x = 3*m. Let f = -44 - -69. What is the highest common factor of m and f?
5
Suppose -q - 23 = 5*l - 87, 16 = 4*q. What is the greatest common divisor of 4 and l?
4
Let h(x) = 2*x**2 - 6*x + 1. Let v be h(5). Calculate the highest common factor of 42 and v.
21
Let a(x) = -x**3 - 10*x**2 - 17*x - 12. Let f be a(-9). Calculate the highest common divisor of 10 and f.
10
Suppose 5*c = -y + 20, 2*c + 5*y = 5*c + 16. Let d be 4*c/(-9)*-3. Calculate the highest common factor of d and 8.
4
Let k(b) = b**3 + 5*b**2 - 2*b - 5. Let v be k(-5). Suppose 0*w - 46 = -2*r - 2*w, -2*r + v*w + 60 = 0. What is the greatest common divisor of r and 10?
5
Suppose -2*w - 3*w + 65 = 0. Let o be w/3 + 4/6. Calculate the highest common divisor of 2 and o.
1
Let a be 63/(-15)*-1*5. Calculate the highest common factor of 84 and a.
21
Suppose -3*p - 3*d = -69, 3*p + 4*d - 26 = 2*p. Let w be (-2)/5 - (-12)/5. Calculate the greatest common factor of w and p.
2
Let i = 227 - 128. What is the highest common factor of i and 18?
9
Let v be (7 + -3)*99/4. Suppose 16 = 4*c, 4*o - c - 17 = 23. Suppose 0 = -4*m + 47 - o. What is the greatest common divisor of v and m?
9
Let k be (1 - -4)*12/20. Suppose 0 = z - k. Suppose b + 2*b + 4*w - 35 = 0, 0 = -2*b + z*w - 5. Calculate the highest common divisor of b and 15.
5
Let k be (-1 - (-15)/20) + 290/8. Calculate the greatest common divisor of k and 4.
4
Let f(k) = 7*k**3 - k**2 - 3*k + 1. Let w be f(2). Let s be w/3 + 2/(-3). What is the greatest common factor of s and 105?
15
Suppose -x = -o - 4*x + 243, 1120 = 5*o - 4*x. What is the highest common divisor of o and 12?
12
Suppose -5*j + 2*j = -9, 0 = -d - 5*j + 23. Calculate the greatest common factor of d and 20.
4
Let b(z) = -z**3 - 22*z**2 - 22*z - 15. Let a be b(-21). What is the greatest common factor of 96 and a?
6
Suppose -l = 86 - 33. Let a = -35 - l. Calculate the greatest common factor of 45 and a.
9
Let n(c) = 2*c + 7. Let s be n(6). Let q = 86 + -67. What is the greatest common divisor of s and q?
19
Let p be (-6)/(-10) + (-4220)/(-50). Calculate the highest common factor of p and 17.
17
Let m(w) = -5*w + 14. Let p be m(-2). Calculate the greatest common divisor of p and 48.
24
Suppose 4*n + 1 = 13. Suppose -5*m + 15 = -0*q + 5*q, -n*q + 5*m - 7 = 0. What is the greatest common factor of q and 1?
1
Let k(y) = y**2 - 6*y - 8. Let p be k(-7). Let j = p + -28. What is the highest common factor of 5 and j?
5
Suppose -2*f = -88 - 24. Suppose -7*s + 63 = -3*s - 3*w, 4*w = 3*s - f. What is the greatest common divisor of s and 96?
12
Let l(n) = n**2 - 6*n + 1. Let w be l(6). Let z be (-48)/(-21) - 4/14. What is the highest common factor of z and w?
1
Let p(b) = b**3 - b**2 + 2*b + 2. Let m be p(5). Let o be 3*(2 - 8/(-3)). Calculate the highest common factor of o and m.
14
Suppose -3*g + 3 = -9. Let m = g - 1. Suppose 0 = v - c - 73, m*v - 2*c = -4*c + 234. What is the highest common divisor of 19 and v?
19
Let a be (10/(-3))/(4/(-6)). Let k be (-5 + 4)/(2/(-6)). Suppose 0 = s + k*f - 23, 0 = -7*s + 3*s + a*f + 143. Calculate the highest common factor of s and 16.
16
Suppose -10*b = -9*b - 4. What is the greatest common factor of b and 20?
4
Let j = -25 + 10. Let i(c) = c**2 + 10*c - 3. Let q be i(j). What is the highest common factor of q and 9?
9
Let n = 9 + -4. Let j = 511 - 456. Calculate the greatest common divisor of j and n.
5
Let v(w) = -19*w - 1. Let i be 2/(-12) + (-51)/18. Let l be v(i). What is the greatest common factor of l and 8?
8
Suppose 4*i = -5*d - 649 + 2038, 3*i = -2*d + 1047. Calculate the greatest common factor of 39 and i.
39
Let q be (-32)/(-6) - (-1)/(-3). Let y(s) = 2*s**2 + 7*s + 4. Let i be y(-4). Let l be (6/i)/(q/80). What is the highest common factor of l and 3?
3
Let n(t) = t**2 - 2*t. Let i be n(4). Let z(c) be the first derivative of c**2 - 5*c - 1. Let l be z(i). Calculate the highest common factor of 77 and l.
11
Let a be -8*((-25)/2 + 4). Suppose 5*y = 0, 4*w + 3*y = -y + a. What is the greatest common divisor of 51 and w?
17
Let s = -10 - -10. Suppose -3*n - 2*n + 60 = s. What is the highest common factor of n and 60?
12
Let x be (7/1)/((-1)/(-2)). Suppose -y = 5, 2*c + x = -2*y + 6. What is the highest common factor of c and 11?
1
Let s be ((-14)/6)/((-1)/6). Suppose p = -p + s. Calculate the highest common divisor of 56 and p.
7
Suppose -5 = -c + h, -3*h - 3 = 2*c + 2. Suppose 7 = 3*d - 2. What is the highest common divisor of c and d?
1
Let m(k) = -k**2 - 9*k - 7. Let b be m(-8). Suppose b + 14 = -3*w. Let n be w*21*2/(-6). Calculate the highest common factor of n and 5.
5
Let n(c) = -3*c + 5. Let m be n(-5). Let v be ((-11)/(-22))/(1/20). What is the greatest common divisor of v and m?
10
Suppose -3*f + 2*u + 62 = f, -4*f + 87 = 3*u. What is the greatest common factor of f and 45?
9
Let v be 2/8 + (-1194)/(-24). What is the greatest common factor of 5 and v?
5
Let i = 20 + -10. Suppose 0 = 4*u - 22 + i. Calculate the greatest common factor of u and 12.
3
Suppose 0 = 3*c + c + 8. Let w = 3 - c. Calculate the greatest common divisor of w and 35.
5
Suppose 3*l - 15 + 8 = 4*y, -l + 2 = -y. Calculate the highest common factor of l and 2.
1
Let l(d) = -d + 16. Let i be l(4). What is the highest common factor of 12 and i?
12
Le